1). Determine r(u).
2
Let f = 15 - 16. Let x(n) be the third derivative of 0 + 17/24*n**4 + 0*n**3 + 0*n - 10*n**2. Give x(f).
-17
Let u(k) = k**3 + 15*k**2 + 14*k - 7. Let o = 44 - 58. Give u(o).
-7
Let z(a) = a**3 - 19*a**2 + 30*a + 63. Let y be z(17). Let b(h) be the second derivative of h**4/12 + 5*h**3/6 - 3*h**2/2 + 2*h. Give b(y).
-3
Let a be 4 - 6 - -1 - -71. Let f = 73 - a. Let m(i) be the second derivative of -i**4/12 + i**3/6 + i**2/2 - i. Give m(f).
-5
Let n(h) = 3*h**2 + 4*h + 1. Let i(b) = -5*b**2 - 7*b - 2. Let f(z) = 4*i(z) + 7*n(z). Let q(u) = -7*u**2 + 3. Let c(a) = 6*f(a) + q(a). Calculate c(0).
-3
Let p(n) = -n**2 + 37*n - 140. Let k be p(4). Let x(g) = -g**3 - 9*g**2 - 9*g - 7. Calculate x(k).
1
Suppose -4*s = 5*j - 60, j + 4*s = -0 - 4. Let o = -15 + j. Let h(t) = -t**2 + t. Calculate h(o).
0
Let f = -66 + 68. Let g(c) = 4 - 3*c**2 + c**2 + c**3 + 3*c**f + c - 3*c**2. Calculate g(3).
16
Let q(d) = 3*d + 2. Let o be q(-2). Let s(g) be the second derivative of 7*g + 0 - 2/3*g**3 - g**2 - 1/12*g**4. Determine s(o).
-2
Let k(z) be the third derivative of z**7/840 - z**6/120 - z**4/8 + 5*z**3/3 + 8*z**2. Let o(f) be the first derivative of k(f). What is o(3)?
-3
Let h(y) = -23 + 32 - 44*y - 29. Let u(q) = -9*q - 4. Let d(o) = 5*h(o) - 24*u(o). Let a be (0 + 6/3)*-2. Give d(a).
12
Let p(y) = y - 8. Let x(u) = -8*u + 68. Let n(w) = -52*p(w) - 6*x(w). Let h(q) = -4 + 4 + q. Let r(v) = -3*h(v) - n(v). Determine r(5).
-3
Let c = -1 - -4. Let k(z) = -7*z**3 - 6*z**2 - 4*z - 2. Let l(y) = 9*y**3 + 9*y**2 + 5*y + 2. Let g(x) = -4*k(x) - 3*l(x). Give g(c).
5
Let f(d) = 4*d**3 - 5*d**3 - 336 - 2*d**2 + 337. Calculate f(-1).
0
Let q(u) = 3*u - 19. Let t = 238 - 230. Calculate q(t).
5
Let d(z) = -4*z**2 - z - 12. Let u(n) = n**2 - n + 1. Let r(l) = -d(l) - 5*u(l). Let k = 38 + -32. Calculate r(k).
7
Let j(c) = -7 - 10 + c - 2*c + 2*c. Calculate j(0).
-17
Let p(y) = y - 2. Let c = -6 - -6. Suppose 0 = -z - c*j - 3*j - 6, j = 5*z - 34. Let k be z*(-1)/3*-2. Calculate p(k).
2
Suppose 100 = -87*v + 36 - 284. Let i(x) = x**3 + x**2 - 3*x - 5. Let q(o) = -o**2 - o. Let h(g) = -i(g) + 4*q(g). What is h(v)?
-7
Let g(q) = 2*q**2 - 9*q - 12. Let d be (-1025)/(-200) - (-1)/(-8). What is g(d)?
-7
Suppose -4*y = s - 228, -5*y + y - 2*s = -232. Let z = 52 - y. Let f(j) = -5*j - 4. Give f(z).
16
Let r = 124 + -122. Let x(b) be the third derivative of b**6/120 - b**5/60 + b**4/24 + 17*b**2. What is x(r)?
6
Let f(p) = p**3 - 4*p**2 - 4*p. Let x be f(5). Let d(t) = 0*t + x - 2*t - t - t**2 + 4*t. Calculate d(4).
-7
Suppose 16 = 4*m, -3*u + 4*m = m + 3. Let y(o) = 4*o + 4*o + u*o. Suppose 2*z - 5 = -3. Determine y(z).
11
Let f(l) = -17*l - 601. Let b be f(-35). Let d(p) = p - 7*p + 3*p + 1. Determine d(b).
19
Suppose -55*o + 520 = -50*o. Let m = o + -98. Let b(g) = -1. Let s(w) = -w + 9. Let q(a) = -b(a) - s(a). Determine q(m).
-2
Let l be 4*(-3)/(-6)*-2. Let r = 0 + 5. Let v(y) = -9*y + 2 - y**2 + r*y - 6. What is v(l)?
-4
Suppose -4*r + 4*h - 28 = 0, 3*h = -0*h + 3. Let c(l) be the first derivative of -1/3*l**3 - 2 - 4*l**2 - 7*l. Determine c(r).
5
Let r(v) = 19*v**2 + 2*v + 1. Let u be 2/22 - (-72)/(-66). Calculate r(u).
18
Let y(f) be the third derivative of -f**6/120 + f**5/12 + f**4/24 + 4*f**3/3 - f**2 - 113*f. Determine y(6).
-22
Let h = -75 + 71. Let j(c) = -c + 1. Let t(q) = -q**2 + q - 7. Let u(r) = -4*j(r) - t(r). Determine u(h).
7
Let o(y) = -7*y**3. Suppose -4*q - 36 = 5*h, q + 8 = h - 2*h. Let s be 81/(-99) - q/(-22). What is o(s)?
7
Let s(b) = 17*b - 5. Let o(h) = 32*h - 8. Let f(d) = -3*o(d) + 5*s(d). Give f(2).
-23
Let n(z) = 4*z. Let v(b) = 35*b. Let y(u) = -24*n(u) + 3*v(u). Calculate y(-2).
-18
Let d(y) be the first derivative of -y**5/120 - 11*y**4/24 - 11*y**3/3 - 7. Let l(v) be the third derivative of d(v). What is l(-6)?
-5
Let k(q) = -26*q - 84. Let j be k(-3). Let v(x) = x**3 + 6*x**2 + 2*x + 7. Determine v(j).
-5
Let l be (2 + -3)*(-59 + 8). Let f(m) = 52*m - m**3 + m**3 - m**3 - 3*m**2 - l*m - 2. Let o(p) = 2*p**3. Let y be o(-1). Calculate f(y).
-8
Let j(m) = 3*m + 40. Let a(o) = -5*o - 74. Let u(z) = 4*a(z) + 7*j(z). What is u(13)?
-3
Suppose -3*n + 15 = 6. Suppose 4*a - n*l = -l - 10, 4*a = -2*l - 6. Let y be (a/8)/((-8)/32). Let s(b) = 16*b - 1. Give s(y).
15
Let u(k) = -3*k + 1. Let w = -12 + 13. Let q be 3 - 44/2 - w. Let v be (-17)/(-5) + q/50. Give u(v).
-8
Let h(a) be the third derivative of -1/24*a**4 + 1/2*a**3 + 27*a**2 + 0 + 0*a - 1/60*a**5. Calculate h(4).
-17
Let t(z) be the second derivative of 3/2*z**2 + 0*z**3 + 0 + 1/12*z**4 + z. Suppose x - h - 1 = 0, 3*x + 2*h = -0*h - 17. What is t(x)?
12
Let q(v) = -3*v**3 + 2*v**2 + 0*v**3 - 5 + 4*v**3 - 13*v**2 + 10*v. Let f be q(10). Let g(p) = 2*p - 3. Calculate g(f).
-13
Let j = 19 - 15. Suppose 5*r = -4*d + 25, -3*d - 1 = -4*d + j*r. Let h(g) = g**2 - 1 + 6 + g - d*g. What is h(4)?
5
Let g(z) = z + 4. Let q(d) = 2*d**2 - 17*d + 4. Let u(p) = -p**3 + 9*p**2 - 9*p + 11. Let n be u(8). Suppose -4*r + 35 = n. Let w be q(r). Calculate g(w).
0
Let g(n) be the second derivative of n**5/20 - n**4/3 + n**3/2 + 100*n. Suppose -3*v - 17 = -5*c - v, 5*v = -5. What is g(c)?
0
Suppose -5*g - 4*s - s = -35, -5*s + 26 = 2*g. Let i(n) be the first derivative of -2*n**3/3 + 3*n**2/2 + n + 2. Calculate i(g).
-8
Let t(c) = -c**3 + 5*c**2 - 2*c + 6. Let d(z) = -2*z**3 - 4*z**2 - 6*z - 8. Let w be d(-2). What is t(w)?
14
Let x(s) = -7*s**3 - 3*s + 9. Let j(h) = -12*h**3 + 2*h**2 - 6*h + 16. Let g(i) = -3*j(i) + 5*x(i). Give g(5).
-13
Let a(t) = 4*t**3 - 2*t**2 - t + 2. Let n be a(-1). Let o(x) = x**2 + 5*x - 2. Determine o(n).
-8
Let a(n) = -n. Let x(k) = -3*k - 3. Let i(t) = 4*a(t) - 2*x(t). What is i(-1)?
4
Let t(v) = 80 - 14 - 35 - 32 - 2*v**2. Let d(x) = x + 1. Let w be d(0). Calculate t(w).
-3
Let q be -1*1 + -1 + 8. Let b(t) = -103 + 7*t + 106 - t**2 - 7*t + 9*t - 4*t. Determine b(q).
-3
Let q(z) = z**3 - 7*z**2 - 8*z - 15. Let o = -49 - -57. Give q(o).
-15
Let u(a) be the first derivative of -a**2 + 8*a - 4. Let y be u(5). Let q(p) = -p - 2. Give q(y).
0
Let c(g) = -2*g + 98 - 5*g + 4*g + 4*g - 93. What is c(4)?
9
Let b(z) = 4 - 3 - 2 + z + 2. Suppose -3*m + 13 = 2*v, -3*m + v + 2 - 4 = 0. Let i(r) = -r**2 - 4*r - 4. Let h(y) = m*i(y) + 6*b(y). Calculate h(3).
-1
Let v be (-2 + 13/5)/(43/215). Let r(q) = q + 6. Let p be r(-6). Let h(i) = p*i**2 - 4*i**2 - i + 3*i**2. Calculate h(v).
-12
Let q be (-2)/(-1 - 1) + 1. Let x(t) = q + 6*t - 8*t + 2*t**2 + 0*t**2. Suppose 0 + 4 = 4*c - d, -5*c - 2 = -3*d. Calculate x(c).
6
Suppose 3*u - 33 = 3*h, -4*h + 2*h - 27 = -3*u. Let q(z) be the second derivative of -1/3*z**3 - 7*z + 0 - 1/2*z**4 + 1/2*z**2 - 1/20*z**5. Determine q(h).
13
Let o(s) = 2*s + 1. Let x(r) = r**2 - 2*r - 2. Let k be x(6). Let n = k - 30. Let m be 2/n + (-104)/(-32). What is o(m)?
7
Let u = 473 - 474. Let q(d) = -13*d**3 - 2*d - 2. Give q(u).
13
Let w(x) = 4 - 5 - 2*x + 7*x. Let p(u) = u + 1. Let s(t) = -3*t - 6. Let z be s(0). Let q(n) = z*p(n) + w(n). Determine q(-8).
1
Let y(u) be the second derivative of u**4/12 + 11*u**3/3 + 21*u**2/2 - 133*u. Give y(-21).
0
Let g(c) = -c**3 + 8*c**2 + c - 6. Let f be g(8). Let w = f - -1. Let i(j) = -2*j**w + 5*j + 0*j**3 - j**3 - 4*j. Calculate i(-1).
2
Let d(k) be the first derivative of -k**2/2 + 13*k - 3. Give d(6).
7
Let q = 7 + -3. Let f(j) = j**2 - 2*j - 14. Let p be f(5). Let a(i) = -4*i**2 + 147*i**3 - 3 + p - 146*i**3. Calculate a(q).
-2
Let v(f) = -3. Let j(h) = h - 1. Let m(k) = -2*j(k) + v(k). Determine m(5).
-11
Let p(x) = -x**3 - 6. Let t(c) = c - 26. Let m be t(26). Calculate p(m).
-6
Suppose 0 = 8*a - 5*a + 12. Let z(y) be the second derivative of -y**4/12 - y**3/2 + 5*y**2/2 + 2*y. Give z(a).
1
Let l(p) = -9*p**2 - 4*p - 2. Suppose 3 = -2*i - 1. Calculate l(i).
-30
Let o(s) = 3*s**2 + s - 6. Let d(r) = 10*r**2 + 4*r - 18. Let m be 825/(-121) - (-4)/(-22). Let y(u) = m*o(u) + 2*d(u). Let t be (-1)/2 - 2/(-4). Give y(t).
6
Suppose -7*n + 30 = -2*n. Let c be 0/(-3 - -4) + n. Let o(x) = -x**3 + 7*x**2 - 3*x - 1. Calculate o(c).
17
Let k(b) = b - 6. Let i = 100 + -39. Let g = i - 51. What is k(g)?
4
Suppose -18 = u + 3*g, -5*g - 1 - 59 = 5*u. Let w(q) = q + 13. Give w(u).
4
Let q be (-480)/(-72) + 4/(-6). Suppose -